ulate the remainder when 326 is divided by q(7).
1
Let b = 164 - -94. What is the remainder when b is divided by 26?
24
Let g be 915/(-6)*((-18)/5 - -2). Calculate the remainder when g/((-8)/(-4)) - 5 is divided by 24.
21
Let g(l) = -l**2 + 8*l - 2. Let r = 28 - 23. Let d = 77 - 39. What is the remainder when d is divided by g(r)?
12
Suppose 0 = 5*r + 3 - 18. Let t be (-4)/6*285/(-38). Suppose -53 = -t*a + 7. What is the remainder when a is divided by r?
0
Let a be (3 + -6 - -3)/(-2). Suppose -4*z - 16 = -2*q, q + 2*z = 12 - 0. What is the remainder when q is divided by a - (-3 - 3 - -3)?
1
Suppose -7*a = -2*a - 75. Suppose -19*z = -a*z - 740. What is the remainder when z is divided by 17?
15
Let d = 391 - 320. Calculate the remainder when d is divided by 13.
6
Suppose -2*v + 547 = 5*s, 3*v = -s - 0*s + 112. Calculate the remainder when s is divided by 5.
4
Suppose -l + 92 = -57. What is the remainder when l is divided by 30?
29
Let n(k) = 8*k**3 + 9*k - 14. Calculate the remainder when n(2) is divided by 8.
4
Let t(a) = -a**3 + 4*a**2 + 3*a - 7. Let q be 14*2/4*1. Let i be t(q). Let m = -56 - i. Calculate the remainder when m is divided by 20.
17
Let g = 415 + -400. What is the remainder when 182 is divided by g?
2
Let d = 2719 + -1060. Suppose -5*l + d + 576 = 0. What is the remainder when 97 is divided by 3/18 - l/(-18)?
22
Let w(s) = -3*s + 3. Let d = -13 - -8. What is the remainder when 31 is divided by w(d)?
13
Let m(a) = 3*a**3 + 2*a**2 - 5*a - 2. Suppose w + 1 = 12. What is the remainder when m(2) is divided by w?
9
Let y be (3 - 3)/(-4) + 18. Suppose 2*b + 56 = -4*q, 5*b + 9 = -2*q - 19. Let i = q + y. What is the remainder when 13 is divided by i?
1
Suppose -7 = -n - 4*y, n + y = 4*n - 34. What is the remainder when 47 is divided by n?
3
Let h(f) = -f + 29. Let n be h(24). Suppose 2*c - c - 68 = 5*s, 5*c = -n*s + 280. What is the remainder when 347 is divided by c?
57
Let s = -2725 - -2756. Suppose 5*z - 89 = 5*t - t, -4*z - 2*t + 66 = 0. Calculate the remainder when s is divided by z.
14
Let t(v) be the third derivative of -v**5/60 + 3*v**4/8 - v**3/3 + 17*v**2. Calculate the remainder when 57 is divided by t(7).
9
Suppose 12 = 4*r - w, -5*r + 8*w = 3*w. Suppose r = 2*v + 2. Calculate the remainder when v/2 + 166/4 is divided by 15.
12
Let f(s) = 2*s**3 - s**2 + s + 39. Calculate the remainder when 309 is divided by f(0).
36
Suppose -4*j - 2*v = -2693 + 749, j - 3*v = 493. Suppose d = -5*y + 775, -y - 5*d + j = 2*y. What is the remainder when y is divided by 31?
30
Let x be (-4 - -5)/(3/(-9))*1. Let a = 14 - x. Let u = 42 + 6. Calculate the remainder when u is divided by a.
14
Suppose 6*i + 15*i = 6279. Calculate the remainder when i is divided by 20.
19
Suppose 2729*w = 2726*w + 66. What is the remainder when 89 is divided by w?
1
Suppose 777*w + 25525 = 802*w. Calculate the remainder when w is divided by 32.
29
Suppose h = -5*k + 29, -h - 2*k + 37 + 4 = 0. What is the remainder when 341 is divided by h?
47
Let g(n) = -n**3 + 15*n**2 - 35*n - 43. What is the remainder when g(11) is divided by 44/2 - (-1 + 3)?
16
Let v be ((-3)/(-6))/((-4)/(-24)). Suppose 7 = v*t - 4*c - 22, 4*c + 17 = -t. Calculate the remainder when 8 is divided by t.
2
Let j(c) = -2*c - 4*c - 5 - 6*c + 3*c. What is the remainder when j(-7) is divided by 105/7*1/1?
13
Let y = -218 + 357. Calculate the remainder when y is divided by 10.
9
Suppose -36 = 4*o - 28. Calculate the remainder when 62/(o - -2 - -2) + -2 is divided by 11.
7
Let z(g) = g**3 + 2*g**2 + 4*g - 2. Let j be z(-4). Let m = j + 70. Let i = 8 - 1. Calculate the remainder when m is divided by i.
6
Let h = 1 + 2. Suppose -8 = 2*r, -2*n + 3*n - 14 = h*r. Suppose 35 = 3*l + n. Calculate the remainder when 32 is divided by l.
10
Let x(n) = -n**3 - 2*n**2 - 4*n. Let q = 5 - -7. Suppose 0 = 5*w - 8*w - q. Calculate the remainder when x(w) is divided by 17.
14
Let z = 4 - -4. Suppose t = -0*t + z. Suppose -2*x = -37 - 7. Calculate the remainder when x is divided by t.
6
Let v = 213 - 196. Suppose -19 = -5*d + h, 7*d - 2*d = -4*h - 1. Suppose 5*m - 47 = -p + m, d*m + 350 = 5*p. What is the remainder when p is divided by v?
16
Suppose -7*l - 4*s + 18 = -2*l, -4*s + 16 = 4*l. Suppose 4*x - 3*v = 55, -2*v = x - 0*v - 11. Let a = l + x. What is the remainder when 27 is divided by a?
12
Suppose 0 = -2*m + 18 + 42. Suppose 45 = -15*x + 18*x. Suppose 31*j = m*j + x. What is the remainder when j is divided by 4?
3
Suppose -5*y - 8*t + 13*t = -85, 0 = y + t - 25. Let u = 118 - 57. Calculate the remainder when u is divided by y.
19
Let o(j) = 3*j**2 + 2. Let a(l) be the third derivative of l**4/12 - l**3/2 - 3*l**2. Let h be a(0). What is the remainder when 85 is divided by o(h)?
27
Let w(p) = 2*p**2 + 19*p + 17. Let u = 91 - 100. Calculate the remainder when 19 is divided by w(u).
3
Let v(h) = -3*h + 16. Calculate the remainder when 94 is divided by v(-10).
2
Suppose -7*k + 60 = 25. What is the remainder when k is divided by 4?
1
Let h = -19 + 21. Suppose -70 = -h*l - 3*k, 2*l = l + k + 30. Calculate the remainder when 58 is divided by l.
26
Suppose 4*i - 4*j - 248 = 0, 2*i - 4*i - j + 112 = 0. Suppose i*a - 65 = 53*a. Calculate the remainder when 77 is divided by a.
12
Let x = -48 - -119. Suppose 21 = -5*u + 2*q + x, -2*u + 20 = 4*q. What is the remainder when 15 is divided by u?
5
Let k(u) = -u**3 + 18*u**2 - 48*u - 10. Calculate the remainder when k(13) is divided by 24.
19
Let s = 54 - 54. Suppose s = -4*o - 2*d + 34, 2*d = -o + 2*o - 21. Calculate the remainder when 64 is divided by o.
9
Let o(r) = r**2 - 11*r - 561. Suppose 3*y - 4*z - 30 = -5*z, -z + 20 = 2*y. What is the remainder when o(-20) is divided by y?
9
Let k(a) = -a**3 - 7*a**2 - 11*a - 7. Suppose 3*r + r + 20 = 0. Let p be k(r). Calculate the remainder when 3/p - 74/(-4) is divided by 9.
8
Suppose 0*w - 2*w + 5*t + 257 = 0, 9 = -3*t. Suppose 14*d + 375 = 725. Calculate the remainder when w is divided by d.
21
Let m be -3 + (5 - 4) + 6. Suppose l + 8 = 4*o, m*o + 2*l - 8 = -l. What is the remainder when 6 is divided by o?
0
Suppose 3 = y + 3*o - 5, -y = o - 4. Suppose y*t + 22 + 40 = 0. Let c = t - -52. Calculate the remainder when c is divided by 6.
3
Suppose 367 = 6*j + 91. What is the remainder when 918 is divided by j?
44
Suppose -4*l - 4*u = -2*l - 12, 3*l - 2*u = 2. Suppose l*p = -4 + 8. Suppose p = -t + 6. Calculate the remainder when 13 is divided by t.
1
Suppose 0 = -2*h - 4*h + 18. Suppose 0*i - 4*i = 2*v - 34, 43 = h*v + 2*i. Calculate the remainder when 6/(-4)*(-16)/1 is divided by v.
11
Let j = 454 - 391. Calculate the remainder when j is divided by 13.
11
Let o(h) = 24*h**3 + 3*h**2 - 5*h + 4. Let j(u) = 6*u**3 + u**2 - u + 1. Let m(p) = -9*j(p) + 2*o(p). What is the remainder when 107 is divided by m(-2)?
33
Let y(l) = -6*l - 32. Calculate the remainder when 65 is divided by y(-11).
31
Let o = 6 - 1. Suppose -5*f + 5*i + 688 - 173 = 0, 0 = o*f - 2*i - 524. What is the remainder when f is divided by 27?
25
Let u(w) = w**2 + 10*w + 1. Calculate the remainder when u(-13) is divided by (-4 - -4)/6 - -1*6.
4
Let h(o) = -9*o - 12. What is the remainder when 11 is divided by h(-2)?
5
Let b(f) = f**2 - 11*f + 10. Let y be b(8). What is the remainder when (y/(-3))/(13/39) is divided by 8?
6
Let n = 144 + -39. Suppose 4*b - 124 = -c, -3*c - n = -3*b + 3. What is the remainder when b is divided by 11?
10
Suppose -5*j - 2*j + 2065 = 0. Calculate the remainder when j is divided by 15.
10
Suppose -4*s + 2*o = o - 1, -5*s + 8 = o. Let p(w) = 4*w**3 + 3*w**2 - 3*w + 1. What is the remainder when ((-24)/28)/((-2)/14) is divided by p(s)?
1
Suppose 0 = -14*i + 19*i - 50. Suppose -i*u + 20 = -15*u. Calculate the remainder when ((17 - u) + 4)/1 is divided by 13.
12
Let a(u) = u**3 + 5*u**2 - 3*u + 1. Let s(f) = f**2 + 6*f + 7. Let b be s(-5). What is the remainder when b/(-2)*-4 - -42 is divided by a(-5)?
14
Suppose -4*h + 2*f = -34, -200*f = -196*f + 12. What is the remainder when 318 is divided by h?
3
What is the remainder when -2 + 28/(-5 - -7) is divided by 9?
3
Suppose 284 - 104 = -2*v. Let d = v + 179. Let a = 82 + -52. Calculate the remainder when d is divided by a.
29
Let f(w) = -3*w + 1. Let q(s) = 7*s + 5. Let d be q(-1). What is the remain